{"id":88,"date":"2024-09-08T00:42:27","date_gmt":"2024-09-07T21:42:27","guid":{"rendered":"http:\/\/dayanismaekonomisi.org\/?page_id=88"},"modified":"2024-09-08T00:42:27","modified_gmt":"2024-09-07T21:42:27","slug":"platform-kayit-formu","status":"publish","type":"page","link":"https:\/\/dayanismaekonomisi.org\/index.php\/platform-kayit-formu\/","title":{"rendered":"Platform Kay\u0131t Formu"},"content":{"rendered":"\n<p>Bir \u00fcreticiyseniz, bir topluluksan\u0131z ya da platforma destek olmak isteyen bir olu\u015fumsan\u0131z, l\u00fctfen a\u015fa\u011f\u0131daki formu doldurarak bize kat\u0131l\u0131n.<\/p>\n\n\n<div class=\"forminator-ui forminator-custom-form forminator-custom-form-90 forminator-design--default  forminator_ajax\" data-forminator-render=\"0\" data-form=\"forminator-module-90\" data-uid=\"69fc586f71e20\"><br\/><\/div><form\n\t\t\t\tid=\"forminator-module-90\"\n\t\t\t\tclass=\"forminator-ui forminator-custom-form forminator-custom-form-90 forminator-design--default  forminator_ajax\"\n\t\t\t\tmethod=\"post\"\n\t\t\t\tdata-forminator-render=\"0\"\n\t\t\t\tdata-form-id=\"90\"\n\t\t\t\t\n\t\t\t\tdata-design=\"default\"\n\t\t\t\t\n\t\t\t\t\n\t\t\t\t\n\t\t\t\tdata-grid=\"open\"\n\t\t\t\t\n\t\t\t\t\n\t\t\t\tstyle=\"display: none;\"\n\t\t\t\t\n\t\t\t\tdata-uid=\"69fc586f71e20\"\n\t\t\t><div role=\"alert\" aria-live=\"polite\" class=\"forminator-response-message forminator-error\" aria-hidden=\"true\"><\/div><div class=\"forminator-row\"><div id=\"checkbox-1\" class=\"forminator-field-checkbox forminator-col forminator-col-12 \"><div role=\"group\" class=\"forminator-field\" aria-labelledby=\"forminator-checkbox-group-69fc586f71e20-label\"><span id=\"forminator-checkbox-group-69fc586f71e20-label\" class=\"forminator-label\">Olu\u015fumunu Tan\u0131mlayabilir misin?<\/span><label id=\"forminator-field-checkbox-1-1-69fc586f71e20-label\" for=\"forminator-field-checkbox-1-1-69fc586f71e20\" class=\"forminator-checkbox\" title=\"\u00dcreticiyim\"><input type=\"checkbox\" name=\"checkbox-1[]\" value=\"service-1\" id=\"forminator-field-checkbox-1-1-69fc586f71e20\" aria-labelledby=\"forminator-field-checkbox-1-1-69fc586f71e20-label\" data-calculation=\"0\"  \/><span class=\"forminator-checkbox-box\" aria-hidden=\"true\"><\/span><span class=\"forminator-checkbox-label\">\u00dcreticiyim<\/span><\/label><label id=\"forminator-field-checkbox-1-2-69fc586f71e20-label\" for=\"forminator-field-checkbox-1-2-69fc586f71e20\" class=\"forminator-checkbox\" title=\"Toplulu\u011fum\"><input type=\"checkbox\" name=\"checkbox-1[]\" value=\"service-2\" id=\"forminator-field-checkbox-1-2-69fc586f71e20\" aria-labelledby=\"forminator-field-checkbox-1-2-69fc586f71e20-label\" data-calculation=\"0\"  \/><span class=\"forminator-checkbox-box\" aria-hidden=\"true\"><\/span><span class=\"forminator-checkbox-label\">Toplulu\u011fum<\/span><\/label><label id=\"forminator-field-checkbox-1-3-69fc586f71e20-label\" for=\"forminator-field-checkbox-1-3-69fc586f71e20\" class=\"forminator-checkbox\" title=\"Destek\u00e7iyim\"><input type=\"checkbox\" name=\"checkbox-1[]\" value=\"Destek\u00e7iyim\" id=\"forminator-field-checkbox-1-3-69fc586f71e20\" aria-labelledby=\"forminator-field-checkbox-1-3-69fc586f71e20-label\" data-calculation=\"0\"  \/><span class=\"forminator-checkbox-box\" aria-hidden=\"true\"><\/span><span class=\"forminator-checkbox-label\">Destek\u00e7iyim<\/span><\/label><\/div><\/div><\/div><div class=\"forminator-row\"><div id=\"textarea-1\" class=\"forminator-field-textarea forminator-col forminator-col-12 \"><div class=\"forminator-field\"><label for=\"forminator-field-textarea-1_69fc586f71e20\" id=\"forminator-field-textarea-1_69fc586f71e20-label\" class=\"forminator-label\">Olu\u015fumunun ad\u0131 nedir?<\/label><textarea name=\"textarea-1\" placeholder=\"\u00dcreticiyseniz kendi ad\u0131n\u0131z ve soyad\u0131n\u0131z\u0131 ya da \u00fcretim yapt\u0131\u011f\u0131n\u0131z \u015feyin ad\u0131n\u0131 girebilirsiniz.\" id=\"forminator-field-textarea-1_69fc586f71e20\" class=\"forminator-textarea\" rows=\"6\" style=\"min-height:140px;\" maxlength=\"180\" ><\/textarea><span id=\"forminator-field-textarea-1_69fc586f71e20-description\" class=\"forminator-description\"><span data-limit=\"180\" data-type=\"characters\">0 \/ 180<\/span><\/span><\/div><\/div><\/div><div class=\"forminator-row\"><div id=\"textarea-2\" class=\"forminator-field-textarea forminator-col forminator-col-12 \"><div class=\"forminator-field\"><label for=\"forminator-field-textarea-2_69fc586f71e20\" id=\"forminator-field-textarea-2_69fc586f71e20-label\" class=\"forminator-label\">Bize kendinden detayl\u0131 olarak bahseder misin?<\/label><textarea name=\"textarea-2\" placeholder=\"\" id=\"forminator-field-textarea-2_69fc586f71e20\" class=\"forminator-textarea\" rows=\"6\" style=\"min-height:140px;\" maxlength=\"180\" ><\/textarea><span id=\"forminator-field-textarea-2_69fc586f71e20-description\" class=\"forminator-description\"><span data-limit=\"180\" data-type=\"characters\">0 \/ 180<\/span><\/span><\/div><\/div><\/div><div class=\"forminator-row\"><div id=\"name-1\" class=\"forminator-field-name forminator-col forminator-col-12 \"><div class=\"forminator-row forminator-no-margin\" data-multiple=\"true\"><div class=\"forminator-col forminator-col-md-6\"><div class=\"forminator-field\"><label for=\"forminator-field-first-name-1_69fc586f71e20\" id=\"forminator-field-first-name-1_69fc586f71e20-label\" class=\"forminator-label\">Ad\u0131n\u0131z <span class=\"forminator-required\">*<\/span><\/label><input type=\"text\" name=\"name-1-first-name\" placeholder=\"\" id=\"forminator-field-first-name-1_69fc586f71e20\" class=\"forminator-input\" aria-required=\"true\" data-multi=\"1\" value=\"\" \/><\/div><\/div><div class=\"forminator-col forminator-col-md-6\"><div class=\"forminator-field\"><label for=\"forminator-field-last-name-1_69fc586f71e20\" id=\"forminator-field-last-name-1_69fc586f71e20-label\" class=\"forminator-label\">Soyad\u0131n\u0131z <span class=\"forminator-required\">*<\/span><\/label><input type=\"text\" name=\"name-1-last-name\" placeholder=\"\" id=\"forminator-field-last-name-1_69fc586f71e20\" class=\"forminator-input\" aria-required=\"true\" data-multi=\"1\" value=\"\" \/><\/div><\/div><\/div><\/div><\/div><div class=\"forminator-row\"><div id=\"email-1\" class=\"forminator-field-email forminator-col forminator-col-12 \"><div class=\"forminator-field\"><label for=\"forminator-field-email-1_69fc586f71e20\" id=\"forminator-field-email-1_69fc586f71e20-label\" class=\"forminator-label\">E-posta Adresiniz <span class=\"forminator-required\">*<\/span><\/label><input type=\"email\" name=\"email-1\" value=\"\" placeholder=\"\" id=\"forminator-field-email-1_69fc586f71e20\" class=\"forminator-input forminator-email--field\" data-required=\"true\" aria-required=\"true\" \/><\/div><\/div><\/div><div class=\"forminator-row\"><div id=\"phone-1\" class=\"forminator-field-phone forminator-col forminator-col-12 \"><div class=\"forminator-field\"><label for=\"forminator-field-phone-1_69fc586f71e20\" id=\"forminator-field-phone-1_69fc586f71e20-label\" class=\"forminator-label\">Telefon Numaran\u0131z <span class=\"forminator-required\">*<\/span><\/label><input type=\"text\" name=\"phone-1\" value=\"\" placeholder=\"\" id=\"forminator-field-phone-1_69fc586f71e20\" class=\"forminator-input forminator-field--phone\" data-required=\"1\" aria-required=\"true\" autocomplete=\"off\" data-validation=\"1\" \/><\/div><\/div><\/div><div class=\"forminator-row\"><div id=\"textarea-3\" class=\"forminator-field-textarea forminator-col forminator-col-12 \"><div class=\"forminator-field\"><label for=\"forminator-field-textarea-3_69fc586f71e20\" id=\"forminator-field-textarea-3_69fc586f71e20-label\" class=\"forminator-label\">Platforma kat\u0131lma amac\u0131n\u0131z\u0131 ve nas\u0131l bir dayan\u0131\u015fma beklentiniz oldu\u011funu ya da nas\u0131l bir imkan sunabilece\u011finizi detayl\u0131 anlat\u0131r m\u0131s\u0131n\u0131z?<\/label><textarea name=\"textarea-3\" placeholder=\"\" id=\"forminator-field-textarea-3_69fc586f71e20\" class=\"forminator-textarea\" rows=\"6\" style=\"min-height:140px;\" ><\/textarea><\/div><\/div><\/div><div class=\"forminator-row\"><div id=\"consent-1\" class=\"forminator-field-consent forminator-col forminator-col-12 \"><div class=\"forminator-field\"><label for=\"forminator-field-consent-1_69fc586f71e20\" id=\"forminator-field-consent-1_69fc586f71e20-label\" class=\"forminator-label\">Kabul beyan\u0131 <span class=\"forminator-required\">*<\/span><\/label><div class=\"forminator-checkbox__wrapper\"><label for=\"forminator-field-consent-1_69fc586f71e20\" id=\"forminator-field-consent-1_69fc586f71e20__label\" class=\"forminator-checkbox forminator-consent\" style=\"margin: 0;\"><input type=\"checkbox\" name=\"consent-1\" id=\"forminator-field-consent-1_69fc586f71e20\" value=\"checked\" aria-labelledby=\"forminator-field-consent-1_69fc586f71e20-label\" aria-describedby=\"forminator-field-consent-1_69fc586f71e20__description\" data-required=\"true\" aria-required=\"true\" \/><span class=\"forminator-checkbox-box\" aria-hidden=\"true\"><\/span><\/label><div id=\"forminator-field-consent-1_69fc586f71e20__description\" class=\"forminator-checkbox__label forminator-consent__label\"><p>Evet, <a href=\"#\">bu web sitesinin internet politikas\u0131n\u0131<\/a> ve sa\u011flad\u0131\u011f\u0131 <a href=\"#\">\u015fartlar\u0131 ve ko\u015fullar\u0131<\/a> kabul ediyorum.<\/p><\/div><\/div><\/div><\/div><\/div><div class=\"forminator-row\"><div id=\"captcha-1\" class=\"forminator-field-captcha forminator-col forminator-col-12 \"><div class=\"forminator-captcha-left forminator-g-recaptcha recaptcha-invisible\" data-theme=\"light\" data-badge=\"bottomright\" data-sitekey=\"6LfiljkqAAAAAD3JIzTZduUgYpAdsVSI79i7o2qg\" data-size=\"invisible\"><\/div> <\/div><\/div><input type=\"hidden\" name=\"referer_url\" value=\"\" \/><div class=\"forminator-row forminator-row-last\"><div class=\"forminator-col\"><div class=\"forminator-field\"><button class=\"forminator-button forminator-button-submit\">Kat\u0131l\u0131m Formu<\/button><\/div><\/div><\/div><input type=\"hidden\" id=\"forminator_nonce\" name=\"forminator_nonce\" value=\"12433913b3\" \/><input type=\"hidden\" name=\"_wp_http_referer\" value=\"\/index.php\/wp-json\/wp\/v2\/pages\/88\" \/><input type=\"hidden\" name=\"form_id\" value=\"90\"><input type=\"hidden\" name=\"page_id\" value=\"88\"><input type=\"hidden\" name=\"form_type\" value=\"default\"><input type=\"hidden\" name=\"current_url\" value=\"https:\/\/dayanismaekonomisi.org\/index.php\/platform-kayit-formu\/\"><input type=\"hidden\" name=\"render_id\" value=\"0\"><input type=\"hidden\" name=\"action\" value=\"forminator_submit_form_custom-forms\"><\/form>\n","protected":false},"excerpt":{"rendered":"<p>Bir \u00fcreticiyseniz, bir topluluksan\u0131z ya da platforma destek olmak isteyen bir olu\u015fumsan\u0131z, l\u00fctfen a\u015fa\u011f\u0131daki formu doldurarak bize kat\u0131l\u0131n.<\/p>\n","protected":false},"author":1,"featured_media":0,"parent":0,"menu_order":0,"comment_status":"closed","ping_status":"closed","template":"","meta":{"footnotes":""},"class_list":["post-88","page","type-page","status-publish","hentry"],"rttpg_featured_image_url":null,"rttpg_author":{"display_name":"SamMerAl2024","author_link":"https:\/\/dayanismaekonomisi.org\/index.php\/author\/sammeral2024\/"},"rttpg_comment":0,"rttpg_category":null,"rttpg_excerpt":"Bir \u00fcreticiyseniz, bir topluluksan\u0131z ya da platforma destek olmak isteyen bir olu\u015fumsan\u0131z, l\u00fctfen a\u015fa\u011f\u0131daki formu doldurarak bize kat\u0131l\u0131n.","_links":{"self":[{"href":"https:\/\/dayanismaekonomisi.org\/index.php\/wp-json\/wp\/v2\/pages\/88","targetHints":{"allow":["GET"]}}],"collection":[{"href":"https:\/\/dayanismaekonomisi.org\/index.php\/wp-json\/wp\/v2\/pages"}],"about":[{"href":"https:\/\/dayanismaekonomisi.org\/index.php\/wp-json\/wp\/v2\/types\/page"}],"author":[{"embeddable":true,"href":"https:\/\/dayanismaekonomisi.org\/index.php\/wp-json\/wp\/v2\/users\/1"}],"replies":[{"embeddable":true,"href":"https:\/\/dayanismaekonomisi.org\/index.php\/wp-json\/wp\/v2\/comments?post=88"}],"version-history":[{"count":1,"href":"https:\/\/dayanismaekonomisi.org\/index.php\/wp-json\/wp\/v2\/pages\/88\/revisions"}],"predecessor-version":[{"id":91,"href":"https:\/\/dayanismaekonomisi.org\/index.php\/wp-json\/wp\/v2\/pages\/88\/revisions\/91"}],"wp:attachment":[{"href":"https:\/\/dayanismaekonomisi.org\/index.php\/wp-json\/wp\/v2\/media?parent=88"}],"curies":[{"name":"wp","href":"https:\/\/api.w.org\/{rel}","templated":true}]}}